 highest common divisor of m and s?
13
Suppose 5*q - 350 = 5*n, 2*q + 2*n = -3*n + 105. Let y be (-1263)/(-13) - (-8)/(-52). Let j = y - q. Calculate the highest common factor of 16 and j.
16
Let j = 0 + 46. Let t = -36 + j. What is the greatest common divisor of 5 and t?
5
Let b(r) = r**2 + 7*r + 13. Let k be b(-3). Let z be (k/2*52/2)/1. What is the greatest common factor of 143 and z?
13
Let a(p) = -p**3 + 21*p**2 + 24*p - 20. Let o be a(22). Let i(m) = -m**3 - 4*m**2 + 4*m + 1. Let s be i(-5). Calculate the highest common divisor of s and o.
6
Suppose 0 = 4*m - 8*m + 20. Suppose 2*a + 56 = x, -m*x + 89 + 219 = -3*a. Suppose -48*j + 56 = -41*j. What is the highest common factor of j and x?
8
Let g(x) = x**3 + 23*x**2 + 42*x - 129. Let t be g(-20). Calculate the greatest common divisor of 165 and t.
33
Suppose -4*b - 2*u = -260, -3*b + 328 = 2*b + u. Suppose b = 5*g - 34. Suppose 93 = 3*y + 33. Calculate the greatest common factor of g and y.
20
Suppose 37*v + 2464 = 51*v. Calculate the highest common divisor of 16 and v.
16
Let n = 55 + -16. What is the highest common factor of 195 and n?
39
Let f(o) = 11*o - 31. Let j be f(19). Suppose 0 = 2*b - 2*c - j, -b + 10*c = 5*c - 81. Calculate the greatest common divisor of b and 39.
13
Let n(r) = -2*r + 3. Let d be n(-6). Suppose 454 = -3*k + 502. Suppose 2805 = k*f + f. Calculate the highest common factor of f and d.
15
Let o(s) = -s**3 - 49*s**2 + 99*s - 102. Let v be o(-51). Calculate the highest common divisor of 9 and v.
3
Let c(j) = -j**3 - j**2 - j + 42. Let z be c(0). Let d(f) = 2*f - 8. Let p = 19 + -12. Let y be d(p). Calculate the highest common divisor of z and y.
6
Let i = 19 + -11. Let q be 90 - 3/4*(-72)/(-27). What is the greatest common factor of q and i?
8
Let n(i) = -i - 11. Let m be n(-18). Let f(r) = 13*r + 8. Let z be f(m). Calculate the greatest common factor of z and 22.
11
Let p = 235 + -41. Let j = p - 129. What is the greatest common factor of 13 and j?
13
Let m(o) = -o**2 - 10*o + 12. Let c be m(-10). Let n = 98 - 2. What is the highest common divisor of n and c?
12
Let n(k) = 7*k**2 + 13*k. Let c(f) = 6*f**2 + 14*f + 1. Let x(l) = 5*c(l) - 4*n(l). Let b be x(-9). What is the highest common factor of b and 5?
5
Suppose -3*q = -5*a + 57, 2*a - q - 14 = -2*q. Let k = a + 6. Suppose -k = 3*u - 66. What is the greatest common divisor of 136 and u?
17
Suppose 0*s + 16 = 3*l + 2*s, -s = 5*l - 29. Let k(h) = h**2 - 4*h + 9. Let w be k(l). Suppose 7*t + 7 = 8*t. What is the highest common factor of w and t?
7
Let t(a) = a**3 + 12*a**2 + 17*a - 77. Let r be t(-9). Calculate the greatest common divisor of 52 and r.
13
Let d be (-63)/(5/(-10)*(10 - 8)). What is the greatest common factor of d and 225?
9
Let g = 191 - 116. Let b = -72 + g. Calculate the greatest common divisor of b and 6.
3
Let d(j) = 76*j**3 + 2*j**2 + j - 2. Let z be d(1). What is the highest common factor of 44 and z?
11
Let d = 103 + -95. Let j be 1/(-8)*2 + 34/d. What is the highest common divisor of j and 8?
4
Suppose -21*j = -17*j - 1952. Suppose -w + j = 4*m + 2*w, 0 = -5*w - 20. Calculate the greatest common factor of 25 and m.
25
Let i(r) = r**2 + 3*r. Let q be i(3). Suppose -17*w = -14*w + 456. Let y = w - -296. Calculate the highest common factor of y and q.
18
Suppose -146*q + 110 = -144*q. What is the greatest common factor of 341 and q?
11
Let o be 219*(-4 + 3)*-1. Suppose -10*h = -o - 21. Calculate the greatest common factor of 3 and h.
3
Suppose 5*r - 15 = 2*i - 7*i, 3*i = -4*r + 12. Let y(c) = c**2 + 7*c + 21. Let a be y(-6). Calculate the greatest common factor of a and r.
3
Let i be ((-3)/(-2))/(44/(-48) + 1). Suppose 8*g + 100 = i*g. What is the highest common factor of g and 5?
5
Let t = 3 - -13. Suppose 2*m - 2 = -0*m. Suppose 3*w - 3*d = 7 - m, -t = -4*d. What is the highest common factor of 3 and w?
3
Suppose -133 = -3*s + 2*s - 2*k, 4*s - 3*k = 488. Calculate the highest common factor of 425 and s.
25
Suppose -27 = 2*p - 3*p. Suppose 0 = 4*k - 3*i - 126, 0 = 4*k - 5*i - 64 - 50. Calculate the highest common divisor of k and p.
9
Suppose 4*a - 5 = 3. Suppose -2*i - a*i = -8. Suppose -v + 4*v = 2*d + 24, -d = v - 13. Calculate the greatest common factor of i and v.
2
Let t be (-242)/(-5) + 4/(-10). Let m(z) = 80*z - 1008. Let h be m(13). Calculate the greatest common divisor of t and h.
16
Let x = 210 + -201. What is the highest common factor of x and 1215?
9
Suppose 0*h - 22 = -2*h + 4*p, 4*p + 13 = -h. What is the greatest common factor of h and 57?
3
Suppose -10*j = -17*j + 42. Suppose -j*x + 27 + 477 = 0. Calculate the highest common factor of x and 14.
14
Let a be 1/(-6) - 24775/(-150). Calculate the greatest common factor of 550 and a.
55
Let g(t) = t**3 - 11*t**2 - 21*t - 11. Let p be g(13). What is the greatest common factor of 144 and p?
18
Let r(f) = 506*f + 207. Let z be r(3). What is the highest common factor of z and 69?
69
Suppose -91*p = -88*p - 30. Let y = 34 - 24. Suppose 3*h + y = 4*h. What is the greatest common divisor of p and h?
10
Let d(k) = k**2 - 7*k - 11. Let z be d(9). Suppose -z*y = -2*y - 75. Let h = -13 + y. Calculate the greatest common divisor of 5 and h.
1
Let d be 56*(69/21 + 6/(-2)). Calculate the greatest common factor of 136 and d.
8
Suppose 5*m + x + 1 = 0, 5*m = -3*x - 1 - 2. Suppose -v = 4*o + 2, -5*v + m*v - 90 = 4*o. Let p = -14 - v. What is the greatest common divisor of p and 2?
2
Suppose -3*f + 5*a + 83 = 0, -2*f - 2*a = 3*a - 97. Calculate the greatest common factor of f and 2.
2
Suppose -h - 2*f + f + 30 = 0, 3*h = -f + 100. Calculate the highest common factor of 5 and h.
5
Suppose 0 = -3*l + 8*l - 430. Let z = l + -66. Calculate the greatest common factor of 120 and z.
20
Let s(z) = z**3 - 9*z**2 - z + 3. Let r be s(9). Let l = r + 18. Let b be (3*2)/(l/16). Calculate the greatest common divisor of b and 12.
4
Let k be 2/((6/4)/((-18)/(-6))). Let z(b) = -b + 9. Let l be z(5). Calculate the highest common divisor of l and k.
4
Let x = -4 + 8. Let f = 1760 + -1758. Calculate the greatest common divisor of x and f.
2
Let q(x) = 3*x**2 + 4*x + 7. Let u be q(-7). Let b be (215/(-20))/(2/8). Let i be b/(-3) + (-8)/24. Calculate the greatest common divisor of i and u.
14
Suppose 0 = 2*d + 204 + 76. Let k be (d/30)/(4/(-18)). What is the highest common factor of 189 and k?
21
Let f be -5 - 9/(-3) - -1. Let z be ((-3)/(-1) - (-231)/(-1))*f. What is the greatest common divisor of 12 and z?
12
Let h = -5 + 10. Let w be 72/(-1) - (-12)/4. Let o = -19 - w. Calculate the highest common factor of h and o.
5
Let r be (-199 - 20/(-5))*2/(-5). What is the highest common factor of 195 and r?
39
Suppose 5*s - 598 = -98. Let l be ((-80)/104)/5 - (-524)/26. What is the highest common divisor of l and s?
20
Suppose 0*f - 2*f + 78 = 4*z, -5*z + f + 108 = 0. What is the greatest common divisor of 18 and z?
3
Let y = 1961 - 1892. Calculate the highest common divisor of y and 24.
3
Suppose -2*q + 6*q + 8 = 0, 224 = t + 5*q. What is the highest common factor of 26 and t?
26
Let b be (-560)/(-84) + 2/6. Calculate the highest common divisor of b and 77.
7
Let v(i) = -2*i + 13. Let d be v(-22). Calculate the greatest common factor of 190 and d.
19
Let g(q) = -q**3 - 3*q**2 + 6*q. Let z be g(-5). Let p = 754 - 724. What is the highest common divisor of p and z?
10
Let p(u) = u**2 + 17*u + 7. Let f be p(-18). Let c = f + -27. Let q be 6 - (8/c - -5). What is the greatest common factor of q and 1?
1
Let w be (0 - -15) + -3*4/12. Suppose -5*i + w*i - 162 = 0. What is the greatest common divisor of 234 and i?
18
Suppose 0 = 12*p - 9*p - 9. Suppose -270 = -5*f + p*a, 3*f + 2*a - 133 = -2*a. What is the greatest common factor of f and 34?
17
Let h(z) = 34*z - 30. Let j be h(5). Calculate the greatest common factor of 80 and j.
20
Suppose -4*m = -m - 33. Suppose 2*r = -10, -3*r - 162 = -u + r. Let h = u - 54. Calculate the greatest common divisor of m and h.
11
Let s(u) = -u**2 - u + 110. Let d = -16 - -16. Let f be s(d). Calculate the greatest common factor of 10 and f.
10
Let v(p) = 20*p**2 - 7*p + 39. Let g be v(5). What is the greatest common divisor of 63 and g?
63
Let x be 13064/3 + -2 - 6/9. What is the highest common factor of 16 and x?
16
Suppose 44*n - 49*n - 3*p + 1